 - 2. Let q be j(6). Determine o(q).
6
Let p(d) = 49*d + 2*d**2 - 42*d + 0 + 4. Suppose -7*i + 3*i - 16 = 0. Give p(i).
8
Let o(t) be the first derivative of t**4/4 + 2*t**3/3 + t**2 + t + 2. Give o(-1).
0
Let x(d) = 9*d - 4. Let l(p) = -5*p + 2. Let i(b) = -5*l(b) - 3*x(b). What is i(6)?
-10
Let v(a) = 2*a - 3. Let b = 18 - 23. Determine v(b).
-13
Let n(z) = 4*z**2 + z + 1. Let x be n(-1). Suppose 2*i + g + 1 = 3, g - 2 = x*i. Suppose 2 = 2*k - i*k. Let y(t) = -t - 1. Calculate y(k).
-2
Let w(n) be the first derivative of -3*n**2/2 + n + 3. Let c(d) = -12*d + 5. Let v = -17 + 8. Let k(o) = v*w(o) + 2*c(o). Calculate k(2).
7
Let i(b) = 1 + 3*b**2 - 5 + 0 + 3. Give i(1).
2
Let x(t) be the second derivative of 7*t**5/20 + t**4/12 + t**3/6 - t**2/2 + 2*t. Calculate x(1).
8
Suppose -4*a + 3*u = 4*u + 3, -5*a - 4*u - 12 = 0. Let m(z) = z**3 + z + 21. What is m(a)?
21
Let v(j) = -j**3 + 6*j**2 + 5*j + 4. Suppose 9*l - 27 = 36. Determine v(l).
-10
Let y = 16 - 13. Let s(n) = n - 3. Determine s(y).
0
Let b(u) = 5*u. Suppose 42 = 3*v - v. Suppose 4*g = 7*g - v. Let k = g + -6. What is b(k)?
5
Let z(i) = -5*i**2 - 5*i - 1. Let s(f) = -14*f**2 - 14*f - 2. Let a(k) = -4*s(k) + 11*z(k). What is a(4)?
17
Let b be 2/(-5) - (-28)/(-5). Let g(s) = s**2 + 7*s + 9. Calculate g(b).
3
Suppose -2 - 16 = -3*x. Let m(v) = -v + 14. Give m(x).
8
Let c(x) be the second derivative of x**5/20 - x**4/12 + 6*x. Let z be (2/2)/((-2)/(-4)). Calculate c(z).
4
Let x(l) = -2 + 7*l - 5*l + 3*l + 4. Calculate x(-2).
-8
Let s(c) = -c**2 + 7*c - 2. Let v be s(6). Let l(p) be the second derivative of -p**3/6 + 3*p**2/2 - 26*p. Give l(v).
-1
Let g be (-18)/(-45) - (-26)/10. Let m(h) = -5*h**2 - 5*h - 3. Let i(u) = 4*u**2 + 5*u + 3. Let y(l) = 6*i(l) + 5*m(l). What is y(g)?
9
Let r = -107 + 109. Let w(k) = -k + 1. Calculate w(r).
-1
Let q(i) = 14*i - 3*i + 3 - 8*i + 1. Calculate q(-3).
-5
Let k(v) = -v**2 - 12*v - 4. Let i be k(-12). Let j(a) be the second derivative of a**3/3 + a**2 + a. Give j(i).
-6
Let g(l) = -14*l + 7 + 24*l - 9*l. What is g(-6)?
1
Suppose -r - 1 - 3 = q, r = 4*q + 16. Let x(f) = -4 + r*f**2 - 1 + f**2 - 6*f. Give x(5).
-10
Let i(u) be the first derivative of -5*u**3/3 + u**2 + 1. Determine i(-2).
-24
Let o be -1 + (-5 - -3) + 0. Let x(g) = g + 5. Calculate x(o).
2
Let l(r) = -r**2 - 5*r - 3. Suppose -5*t = -j - 23, t + 2*t - 15 = 0. Suppose 5 = 2*m + 3*p, p + 7 = -j*m + 2. Give l(m).
-3
Let t be (-3)/(-12) + (-44)/(-16). Suppose 4 + 8 = -t*a. Let u(d) be the first derivative of d**4/4 + d**3 - 3*d**2/2 + 5*d + 1. Calculate u(a).
1
Let c be (0 - 0/(-3))/(-1). Suppose 2*z - o - 11 = c, 2*z - 5*o = -z + 13. Let t(j) = -1 - z + 0 - 2 + j. Determine t(4).
-5
Suppose -7 = 4*n + 1. Let a be -5*(n - (2 - 3)). Let w(s) = -s + 5. What is w(a)?
0
Suppose -3*i - 15 = -9. Let f(w) = 10*w + 3. Calculate f(i).
-17
Let n(d) = d - 17. Let a = -62 + 71. Determine n(a).
-8
Let y(b) be the third derivative of b**4/24 - b**3/6 + 4*b**2. Calculate y(4).
3
Let w(y) = y**3 + 4*y**2 - 2*y + 6. Suppose -5*v + 25 = 5. Suppose -v*b = -3*b - 4. Let j be (-1 + b)*10/(-6). What is w(j)?
-9
Let x(f) = f**2 - 5*f + 6. Let r = 2 + 2. Calculate x(r).
2
Let p(j) = -7*j**3 - 12*j**2 + 5*j + 1. Let b(r) = r**3 + r**2 - r. Let a(m) = 6*b(m) + p(m). What is a(-6)?
7
Let h(w) be the second derivative of 11*w**3/6 + w**2/2 + 17*w. What is h(1)?
12
Let k(u) = -u + 2. Let j(s) = s + 14. Let a be j(-10). Suppose 0 = -3*f - a + 19. Determine k(f).
-3
Let z(u) = -u + 2 + 3 - 2 + 7. Let k(l) = l - 2. Let i be k(2). Calculate z(i).
10
Let s(f) = 4 - 3 - 2*f + 0 + 3. Give s(4).
-4
Let x(b) be the first derivative of b**2 - 1/3*b**3 + 3 + 4*b. Determine x(3).
1
Let l(p) be the third derivative of 0 - 3*p**2 + 1/120*p**6 + 1/60*p**5 + 0*p - 1/24*p**4 + 0*p**3. Let n = -4 - -2. Determine l(n).
-2
Let r be (-3)/1*20/(-30). Suppose r*x = 3*x - 4. Let o(y) = -y**3 + 3*y**2 + 4*y - 2. Determine o(x).
-2
Let y(k) be the second derivative of k**2 + 3*k - 1/8*k**4 + 1/120*k**6 + 0 - 5/6*k**3 - 1/20*k**5. Let o(z) be the first derivative of y(z). What is o(4)?
-1
Let z(m) be the second derivative of -m**5/10 - m**4/6 - m**2/2 - 3*m. Calculate z(-2).
7
Let w(n) = 3*n - n**2 + n - 3 + 8. Let m(l) = l - 8. Let o be m(14). Give w(o).
-7
Let j(o) = -o + 4. Let n be j(4). Let q(b) be the second derivative of -1/2*b**2 - 2/3*b**3 - 3*b + 1/12*b**4 + n. What is q(4)?
-1
Let s be ((-24)/3)/(-5 + 3). Let x(m) = -m - 1. Let o(r) = 3*r + 5. Let k(l) = s*x(l) + o(l). What is k(-5)?
6
Let o(g) = g - 6. Let i be o(6). Let h(l) = i*l - 2*l + 4*l. Determine h(-1).
-2
Let j(d) = d + 16. Let b be j(-14). Let a(v) = v - 1. Give a(b).
1
Let c = 12 + -8. Let z(d) = -d**3 - 13 + 2*d - 5 + 4*d**2 + 15. Determine z(c).
5
Let n(v) = -8*v + 20. Let j be n(2). Let b(u) = u**3 + 4*u**2 + u - 7. Let p(a) = a**3 - 1. Let q(y) = b(y) - 2*p(y). Calculate q(j).
-1
Let l(a) = -4 + a**3 + 10 + 0 + 3*a - 2*a + 5*a**2. Give l(-5).
1
Let y = -9 - -12. Let o(t) = 21*t**2 - 19*t**2 + 2 - y - 4*t. Calculate o(3).
5
Let x(a) = -a - 3. Suppose -27 = -4*u - u - h, 4*u - 16 = 2*h. Suppose 2 - u = -q, q = -5*p - 7. Determine x(p).
-1
Let c(o) = -2*o. Let s(a) = 2*a. Let v(m) = 3*c(m) + 4*s(m). Let q be (2/(-3))/((-2)/15). Suppose 2*w + 5*i = -3*w, -2*w = -3*i - q. What is v(w)?
2
Let n(x) be the third derivative of 0 - 1/2*x**3 + 0*x - 1/60*x**5 - 1/4*x**4 - 5*x**2. What is n(-5)?
2
Let q(y) = y**3 - y**2 - 1. Let u(m) = -m**3 - 6*m**2 - 11*m + 12. Let x(o) = -2*q(o) - u(o). Determine x(9).
8
Let a be (-36)/(-8)*2 + -3. Let z(m) = m**3 - 5*m**2 - 8*m + 8. Determine z(a).
-4
Let z(t) = t**3 + 13*t + 14. Let s(l) = l**3 - l**2 + 12*l + 13. Let c(b) = -7*s(b) + 6*z(b). Determine c(6).
-7
Let v(u) = -u + 0 - 3 + 2*u + u**2 - u**3. Let d(p) = -5*p - 95. Let z be d(-19). Give v(z).
-3
Let y be (12/10)/(6/20). Let h(f) = 2*f**2 - 13*f + 11. Let z(x) = 0*x**2 - 6 - x**2 - 2*x + 6*x + 3*x. Let b(o) = 4*h(o) + 7*z(o). Determine b(y).
6
Let m(n) = -n**2 + 8*n + 4. Let h be m(8). Let g(w) be the first derivative of -w**2/2 + 3*w - 2. Determine g(h).
-1
Let z be 16/7 - 2/7. Let j(l) = -1. Let d(u) = u + 3. Let o(q) = -d(q) - 3*j(q). What is o(z)?
-2
Let d be (5 - 2)*(1 - 0). Let t(i) = -1 + 4*i - 2*i**2 - 3*i - 4*i**d + 3*i**2. Suppose g - q + 0*q - 4 = 0, -4*q - 10 = 2*g. What is t(g)?
-3
Let r(c) = c**3 - c**2 - c + c + 2. Let m(w) = -w**2 - 10*w - 8. Let s be m(-9). Suppose -5*n = p - 1, n + 2*n = -p + s. Calculate r(n).
2
Let f(g) = -3*g**2 + 3*g - 1. Let c(t) = t**2 - 2*t - 3. Let w be c(3). Let o = 2 - 0. Suppose o + w = l. What is f(l)?
-7
Let r be (-2)/4 + 3/(-2). Let w(f) be the third derivative of f**5/40 + f**4/24 - f**3/6 + f**2. Let j(n) be the first derivative of w(n). Give j(r).
-5
Let g(k) = -7*k**3 - k**2 + 7*k - 3. Let s(a) = -6*a**3 - 2*a**2 + 7*a - 3. Let x(v) = -5*g(v) + 6*s(v). Determine x(-8).
5
Let m(x) be the second derivative of -x**5/10 + x**4/6 + x**3/3 - x**2 - 8*x. Give m(2).
-6
Let u(a) = -a**2 - a + 3. Let v(r) = 10*r. Let n be v(1). Let b(i) = -i**3 + 10*i**2 - i + 6. Let c be b(n). Calculate u(c).
-9
Suppose 0*h + 1 = h. Let b be h/(2*1/(-4)). Let w be (-3)/(-1)*b/(-2). Let g(c) = -c**3 + 3*c**2 + c + 4. Calculate g(w).
7
Let w(b) = -b**3 - 21 + 43 - 29. Determine w(0).
-7
Let h(l) = -1. Let k(q) = q**3 + 6*q**2 + 7*q - 2. Let f(v) = 6*h(v) - k(v). What is f(-4)?
-8
Let v(r) be the third derivative of 3*r**2 - 1/120*r**5 + 0*r + 1/2*r**3 + 0*r**4 + 1/360*r**6 + 0. Let z(i) be the first derivative of v(i). Determine z(0).
0
Let p(v) = v**3 + 7*v**2 + 3*v + 3. Let w = -37 - -31. What is p(w)?
21
Let r(u) = -u + 2*u - 5*u + 1 - u**3 + 5*u**2 - u**2. Suppose 2 = 4*z + 14. Let m(o) = o + 6. Let c be m(z). Determine r(c).
-2
Let c(n) = -n**3 - 3*n**2 + 2*n - 3. Let q(x) be the first derivative of -x**4/4 - 2*x**3 - 2*x**2 + 2*x - 3. Let h be q(-5). Determine c(h).
-9
Let s(j) = 3*j**2 + j - 2. Let y be s(1). Let f(i) = -2*i**y + 3*i**2 + 0*i**2 + 1 - 3. Determine f(2).
2
Let l(r) = r**2 - 10*r + 8. Let v be l(9). Let n(q) = -5*q**2 + q + 1. Determine n(v).
-5
Let a(t) be the third derivative of -t**4/24 + 3*t**3/2 + 2*t**2. Calculate a(8).
1
Let l(s) = 4*s**2 - s**3 + 8 + 0 - 2 - 5 + 4*s. Determine l(4).
17
Let d(w) be the third derivative of -w**7/